 8 (base 13) in base 4?
20
Convert 23 (base 8) to base 14.
15
0 (base 11) to base 10
0
Convert 5 (base 9) to base 6.
5
220 (base 3) to base 9
26
What is 31 (base 5) in base 16?
10
Convert 20 (base 5) to base 12.
a
Convert 134 (base 11) to base 3.
12212
Convert -3 (base 15) to base 5.
-3
Convert -9 (base 16) to base 9.
-10
13 (base 7) to base 8
12
What is 130 (base 6) in base 9?
60
Convert 28 (base 9) to base 5.
101
Convert 3 (base 12) to base 2.
11
Convert -74 (base 15) to base 11.
-9a
What is -30 (base 4) in base 3?
-110
2 (base 9) to base 8
2
1 (base 12) to base 14
1
Convert -4c (base 13) to base 16.
-40
4 (base 13) to base 3
11
Convert -141 (base 6) to base 14.
-45
What is 20102 (base 3) in base 11?
148
What is 0 (base 2) in base 7?
0
What is -6 (base 16) in base 6?
-10
Convert 1 (base 6) to base 5.
1
What is 2a (base 16) in base 6?
110
Convert -1 (base 13) to base 5.
-1
Convert 25 (base 13) to base 7.
43
-1 (base 9) to base 10
-1
What is 10 (base 8) in base 12?
8
7 (base 15) to base 8
7
What is -10 (base 2) in base 10?
-2
Convert 1c (base 13) to base 7.
34
What is 60 (base 8) in base 3?
1210
1a (base 11) to base 4
111
What is -5 (base 16) in base 2?
-101
What is 24 (base 13) in base 15?
20
Convert 0 (base 3) to base 2.
0
2 (base 13) to base 15
2
What is 170 (base 15) in base 3?
110020
-5c (base 14) to base 15
-57
32 (base 11) to base 16
23
What is -3 (base 15) in base 3?
-10
4 (base 14) to base 11
4
Convert 111 (base 2) to base 5.
12
What is -7 (base 13) in base 3?
-21
What is -12 (base 3) in base 15?
-5
Convert -1 (base 12) to base 14.
-1
Convert -1 (base 14) to base 13.
-1
What is -206 (base 7) in base 14?
-76
Convert 214 (base 7) to base 6.
301
What is -20 (base 12) in base 10?
-24
What is 1a (base 11) in base 2?
10101
Convert 84 (base 9) to base 7.
136
9 (base 15) to base 13
9
What is -6 (base 13) in base 3?
-20
Convert -56 (base 13) to base 7.
-131
7 (base 13) to base 10
7
What is 1100 (base 2) in base 16?
c
What is 111 (base 4) in base 12?
19
-22 (base 3) to base 15
-8
Convert -4 (base 5) to base 11.
-4
Convert -21 (base 5) to base 4.
-23
What is 7 (base 8) in base 5?
12
What is -136 (base 15) in base 16?
-114
-30 (base 9) to base 13
-21
What is -5 (base 7) in base 6?
-5
Convert -22000 (base 3) to base 14.
-116
What is -1 (base 15) in base 5?
-1
3 (base 8) to base 6
3
What is 22 (base 13) in base 14?
20
-40 (base 14) to base 15
-3b
What is 58 (base 13) in base 8?
111
Convert 3 (base 13) to base 14.
3
What is 1d (base 16) in base 15?
1e
Convert -3 (base 16) to base 5.
-3
Convert 4 (base 12) to base 6.
4
Convert -1 (base 7) to base 3.
-1
9 (base 14) to base 8
11
11111 (base 2) to base 11
29
Convert 10e (base 15) to base 2.
11101111
-3 (base 9) to base 6
-3
What is -6 (base 15) in base 6?
-10
55 (base 9) to base 7
101
Convert -130 (base 4) to base 11.
-26
What is -42 (base 5) in base 10?
-22
What is 7a (base 11) in base 10?
87
What is -10010 (base 2) in base 3?
-200
4 (base 9) to base 10
4
What is 0 (base 9) in base 10?
0
0 (base 4) to base 9
0
418 (base 9) to base 7
665
-141 (base 11) to base 16
-a6
Convert 0 (base 16) to base 4.
0
Convert -1 (base 13) to base 14.
-1
Convert 121 (base 3) to base 11.
15
Convert 6 (base 14) to base 4.
12
94 (base 13) to base 14
89
Convert -10 (base 3) to base 15.
-3
-22 (base 4) to base 6
-14
Convert 9 (base 15) to base 2.
1001
-8 (base 11) to base 8
-10
What is -3 (base 15) in base 9?
-3
Convert 8 (base 12) to base 4.
20
Convert 1 (base 11) to base 5.
1
Convert -1122 (base 3) to base 6.
-112
What is d (base 15) in base 4?
31
Convert -3 (base 13) to base 4.
-3
25 (base 16) to base 9
41
14 (base 8) to base 9
13
Convert 26 (base 7) to base 3.
202
Convert -a (base 14) to base 12.
-a
What is 4 (base 12) in base 5?
4
-211 (base 3) to base 11
-20
-e (base 15) to base 16
-e
89 (base 10) to base 15
5e
Convert -111 (base 2) to base 4.
-13
What is -51 (base 10) in base 11?
-47
Convert 15 (base 7) to base 16.
c
What is -c (base 13) in base 8?
-14
-67 (base 12) to base 2
-1001111
What is -100011 (base 2) in base 5?
-120
What is 3 (base 10) in base 8?
3
What is -8 (base 14) in base 5?
-13
What is -254 (base 8) in base 13?
-103
What is 1121 (base 3) in base 13?
34
Convert -38 (base 11) to base 6.
-105
Convert 401 (base 5) to base 8.
145
-36 (base 11) to base 9
-43
Convert -6 (base 12) to base 11.
-6
Convert 93 (base 16) to base 5.
1042
What is 2 (base 3) in base 7?
2
Convert -4 (base 7) to base 6.
-4
Convert -2 (base 12) to base 16.
-2
Convert -3330 (base 4) to base 14.
-140
Convert 6 (base 14) to base 9.
6
What is 6 (base 12) in base 4?
12
-4 (base 13) to base 7
-4
What is -21 (base 4) in base 10?
-9
8 (base 13) to base 4
20
What is 137 (base 8) in base 3?
10112
What is 5 (base 8) in base 16?
5
152 (base 12) to base 13
12b
What is 16 (base 8) in base 11?
13
-100011 (base 2) to base 7
-50
What is -1204 (base 6) in base 10?
-292
What is 0 (base 16) in base 8?
0
What is -22 (base 3) in base 15?
-8
Convert 132 (base 4) to base 11.
28
-312 (base 6) to base 3
-11022
2e (base 16) to base 15
31
-5 (base 6) to base 16
-5
What is 10 (base 10) in base 15?
a
What is -11011 (base 2) in base 8?
-33
Convert 3 (base 12) to base 11.
3
Convert -23 (base 8) to base 14.
-15
Convert 131 (base 10) to base 16.
83
What is -4 (base 13) in base 9?
-4
-13 (base 16) to base 4
-103
43 (base 8) to base 12
2b
-20 (base 3) to base 7
-6
What is -11 (base 7) in base 4?
-20
-2 (base 15) to base 7
-2
2 (base 7) to base 4
2
What is -112 (base 6) in base 7?
-62
Convert -10 (base 9) to base 13.
-9
Convert 2132 (base 4) to base 5.
1113
Convert b (base 14) to base 11.
10
What is -70 (base 11) in base 14?
-57
Convert -21 (base 6) to base 7.
-16
What is -64 (base 16) in base 11?
-91
What is 110 (base 2) in base 11?
6
What is 9 (base 12) in base 14?
9
17 (base 9) to base 4
100
What is 1 (base 2) in base 5?
1
Convert -15 (base 7) to base 11.
-11
-2 (base 14) to base 7
-2
What is 11 (base 9) in base 10?
10
What is -11 (base 2) in base 13?
-3
What is 25 (base 14) in base 16?
21
2 (base 12) to base 8
2
What is -1002 (base 3) in base 15?
-1e
130 (base 4) to base 7
40
Convert -1 (base 8) to base 3.
-1
Convert -2 (base 8) to base 3.
-2
Convert -101 (base 7) to base 11.
-46
-14 (base 6) to base 15
-a
Convert 0 (base 15) to base 5.
0
What is 277 (base 12) in base 10?
379
5 (base 10) to base 6
5
What is 27 (base 13) in base 16?
21
What is 15 (base 7) in base 14?
c
323 (base 5) to base 13
6a
1 (base 11) to base 15
1
Convert a2 (base 16) to base 7.
321
6a (base 12) to base 2
1010010
What is -1 (base 9) in base 14?
-1
-2 (base 3) to base 12
-2
26 (base 7) to base 4
110
Convert 12 (base 4) to base 5.
11
Convert 17 (base 8) to base 7.
21
-26 (base 16) to base 10
-38
What is 151 (base 9) in base 8?
177
What is 9 (base 11) in base 6?
13
24 (base 16) to base 13
2a
-4 (base 5) to base 6
-4
What is -a (base 11) in base 10?
-10
What is -151 (base 11) in base 14?
-c9
-6 (base 9) to base 11
-6
What is -17 (base 9) in base 3?
-121
What is 7 (base 12) in base 8?
7
Convert 3203 (base 4) to base 14.
123
What is 210 (base 4) in base 7?
51
-6 (base 15) to base 16
-6
1 (base 7) to base 10
1
What is -2 (base 9) in base 2?
-10
Convert 133 (base 6) to base 2.
111001
What is 3 (base 12) in base 10?
3
What is 26 (base 10) in base 5?
101
What is 3332 (base 4) in base 8?
376
What is 3 (base 13) in base 2?
11
-212 (base 3) to base 7
-32
4 (base 13) to base 16
4
Convert 64 (base 12) to base 14.
56
What is 4 (base 5) in base 10?
4
Convert -3 (base 6) to base 13.
-3
What is 420 (base 7) in base 8?
322
What is 11 (base 2) in base 3?
10
What is 42 (base 15) in base 8?
76
Convert -129 (base 11) to base 12.
-108
Convert 265 (base 7) to base 6.
401
1 (base 12) to base 7
1
-323 (base 4) to base 7
-113
-5b (base 12) to base 11
-65
32 (base 16) to base 10
50
What is 64 (base 9) in base 14?
42
Convert 26 (base 16) to base 4.
212
Convert -1 (base 5) to base 15.
-1
-1 (base 11) to base 16
-1
330 (base 4) to base 9
66
120 (base 11) to base 3
12022
11000100 (base 2) to base 14
100
Convert 18 (base 13) to base 14.
17
Convert -93 (base 14) to base 4.
-2001
Convert 1c (base 14) to base 5.
101
What is -22 (base 5) in base 2?
-1100
What is -1 (base 2) in base 5?
-1
What is -4 (base 11) in base 13?
-4
-1 (base 11)